remainder when 13119 is divided by r.
159
What is the remainder when 848 is divided by (113 - -2)/((-5)/(-2)) - (-7 + 3)?
48
Let p be 47 - 48 - (-1 + -5). Suppose -5*f - l = -25 - 102, -p*l = -5*f + 145. What is the remainder when 45 is divided by f?
19
Let q be (7*2)/1*(-1170)/(-4095). Let p be 2 + (-1 - 2) - -171. Suppose -q*n = 3*m - 312, 0*n + 5*m - p = -2*n. Calculate the remainder when n is divided by 28.
19
Suppose 15*w - 580 = -40. Let k(c) = 3*c**2 - 94*c + 37. What is the remainder when w is divided by k(31)?
0
Let v = -39 - -41. Let i(f) = 45*f**3 + 8*f**2 - v - 47*f**3 + 5. Calculate the remainder when 6 is divided by i(4).
0
Suppose -3*o = 3*f - 1176, -4*o - 1029 + 293 = -2*f. What is the remainder when 1096 is divided by f?
328
Let g = -16465 - -16477. Calculate the remainder when 2*10 + (0 - 0) is divided by g.
8
Let f(v) = -75*v + 39. Let y be f(-15). Suppose -9*b = -744 - y. What is the remainder when b is divided by 43?
40
Let d be (-312)/((2/12)/((-4)/18)). Let k = -48 - -69. What is the remainder when -1 + 0 + -3*d/(-12) is divided by k?
19
What is the remainder when (-2648)/(-16) + (-14)/4 is divided by -3*1/(-3)*45?
27
Let h(q) be the first derivative of -7*q**4/4 + q**3 - q**2 + q - 29. Let d be h(1). Calculate the remainder when 18 is divided by d/(-3 - -8) - -11.
8
Let o(u) = 2*u + 57. Let i be o(-25). Let q(n) = -n**3 + 7*n**2 + n + 3. What is the remainder when q(i) is divided by 5?
0
Let a(t) = 2*t - 6. Let z be a(7). Let r = z - -6. What is the remainder when 41 is divided by r?
13
Suppose 0*t - t + 261 = 0. What is the remainder when t is divided by 9 + (19/((-133)/2) - 10/14)?
5
Calculate the remainder when 6103/136*2*2*12 is divided by 49.
47
Suppose -3*q - i + 37 + 94 = 0, -4*i = -q + 22. Calculate the remainder when (-2)/(96/(-7972)) + (-58)/696 is divided by q.
40
Let p(r) = r**2 + 12*r - 67. Let z be 10*3*14/(-21). Calculate the remainder when p(z) is divided by 16.
13
Suppose -9*o + 25 = -4*o. Suppose 0 = 2*s + 4*b - 60, 0*s = -3*s - o*b + 94. What is the remainder when s is divided by 2?
0
Let k be ((-2)/4)/((-4)/704). Let b = k - 48. Suppose -2*r = 6*r - b. What is the remainder when 7 is divided by r?
2
Suppose -32*o + 5*o + 150 = -17*o. Calculate the remainder when 293 is divided by o.
8
Let a = -2868 - -2903. Calculate the remainder when 1992 is divided by a.
32
Let j(h) = 2*h**2 + 107*h + 1214. Calculate the remainder when j(-12) is divided by 30.
8
Let p(a) = 4*a**3 - 9*a + 13. Let v(g) = -g**3 + 17*g**2 - 12*g - 62. Let t be v(16). Calculate the remainder when 43 is divided by p(t).
16
Suppose 2*c - p = 213, 0*c - 3*c + p + 319 = 0. What is the remainder when c is divided by (-56)/(-6) + (-3)/9 + 606/101?
1
What is the remainder when (-279216)/1344*(-1 + 1/(-3)) is divided by 147?
130
Suppose 672 + 373 = 5*a. Suppose -5*r - a = 316. Let d = -24 - r. What is the remainder when d is divided by 21?
18
Let l(j) = -6*j + 3. Let a be l(-3). Suppose -a = 6*f - 105. Suppose 9*g = 4930 - 4192. What is the remainder when g is divided by f?
12
Suppose 64*z = 61*z + 4*l + 239, 0 = -3*z + 5*l + 238. Calculate the remainder when z is divided by 37.
7
Let b = 13626 + -13535. What is the remainder when 1164 is divided by b?
72
Let g = -2538 + 2800. Calculate the remainder when g is divided by 79.
25
Let r(i) = 412*i + 412. Calculate the remainder when r(7) is divided by 11.
7
Let k(i) = 4*i**2 + i - 3. What is the remainder when k(-5) is divided by ((-1)/2)/((-101)/6464)?
28
Suppose 98 = 2*u + 118. Calculate the remainder when (-65)/(-2) - (u/4 + 2) is divided by 7.
5
Let u = 244 - 132. Suppose 2472 = -148*v + 251*v. What is the remainder when u is divided by v?
16
Calculate the remainder when 723 is divided by 1276/(-66)*(9/27 + (-22)/12).
27
Suppose 80 = 4*i + 3*j, 11*i - 13*i = 5*j - 40. Calculate the remainder when 2/6 + (-352)/(-6) is divided by i.
19
Let d(i) = 171*i - 1485. What is the remainder when d(12) is divided by 50?
17
Suppose -5*i = -c - 65, -5*c - 18 + 5 = -i. Let a(z) = -z**3 + 13*z**2 + z + 3. What is the remainder when 61 is divided by a(i)?
13
Let v = 602 + -834. Let x = v + 445. Calculate the remainder when x is divided by 36.
33
Let l(b) = 2*b. Let h be l(1). Suppose -n = 4*a - 0*n - 106, h*a = -2*n + 50. What is the remainder when 80 is divided by a?
26
Suppose 6 = 14*a - 50. Let k = 48 - a. Calculate the remainder when 168 is divided by k.
36
Calculate the remainder when 4/(-20) - 873/(-15) is divided by (-1595)/(-87) - (-40)/15.
16
Suppose v = 5*v - 68. Let i = 3255 - 3191. Calculate the remainder when i is divided by v.
13
Let q = -22 - -37. Let l(m) = 5*m - 25. Let h be l(5). Suppose h = 5*g + 2*j - 589, -460 = -7*g + 3*g + 4*j. What is the remainder when g is divided by q?
12
Let o(j) = j**3 - 3*j**2 + 3*j + 5. Let f = -552 - -454. What is the remainder when (14/f*-14)/(2/131) is divided by o(4)?
32
Let s = 3727 - 2729. What is the remainder when s is divided by 974?
24
Let u = 43 - 41. Suppose -15 = 5*c, -4*v + 311 = -u*c - 363. Suppose -3*x + 2*q + 2*q + v = 0, -6 = 3*q. What is the remainder when x is divided by 18?
17
Suppose -x + 2 = -4*h - 3, -2*x = -4*h - 10. Calculate the remainder when 12 is divided by (-1)/((x - 0)/(-10)) + 5.
5
Suppose 37 = -10*q + 127. Let m be (-18 - -2)*q/(-6). What is the remainder when (-22)/2*m/9*-3 is divided by 46?
42
Suppose 0 = -3*q - 4*c + 1, -2*c = -5*q - 2 + 47. Let p = -2 + q. What is the remainder when -3 + 440/p + 4 is divided by 45?
44
Let i(f) = -f**3 + 3*f**2 - 17*f - 8. Let h(p) = -p**2 - p. Let a(t) = 6*h(t) - i(t). Suppose 19*s - 1260 = -s. What is the remainder when s is divided by a(8)?
31
Let w = -598 + 621. Let o = 18 + -15. Calculate the remainder when (400/15 + 1)*o is divided by w.
14
Let v(y) = -y**3 + 6*y**2 + 9*y + 13. Let b be v(7). What is the remainder when (-522)/(-24) - (-2)/8 is divided by (-96)/(-36)*b/6?
10
Suppose 5*o - 3 + 6 = 2*p, 5*o = -15. What is the remainder when (-1041)/p + 4/8*1 is divided by 16?
14
Suppose -3 = -a - 1. Suppose -12 = a*d - 4*d. Calculate the remainder when ((16/3)/(-4))/((-100)/1575) is divided by d.
3
Let s = 54 + -54. Suppose 0 = 2*h + t - s*t - 50, 0 = -5*h + t + 118. Suppose -29*v + h*v = -260. What is the remainder when v is divided by 14?
10
Suppose -2*x - 2*x - 2*o + 44 = 0, -3*x + 2*o = -33. Let i = 214970 + -214806. Calculate the remainder when i is divided by x.
10
What is the remainder when 5056/144 - 2/18 is divided by 20?
15
Let t be 3*(-4)/(-24)*0. Suppose 0 = -g - 0*x - 5*x + 20, t = 4*x + 12. What is the remainder when g is divided by 19?
16
Let q(p) = 27*p + 759. What is the remainder when q(13) is divided by 8?
6
Let j = -11600 + 11644. What is the remainder when 334 is divided by j?
26
Suppose 4*t - 360*n - 929 = -363*n, -5*t + 2*n + 1144 = 0. What is the remainder when 3904 is divided by t?
224
Let u = -562 + 565. What is the remainder when 56 is divided by u?
2
Let d = 2822 + -2755. What is the remainder when d is divided by 14?
11
Let h(l) = -l**2 - 31*l - 38. Let i be h(-29). Suppose 0 = i*c - 22*c + 594. Calculate the remainder when c is divided by (20/(-7))/(1/(7/(-1))).
17
Suppose 4*y = -15*y + 741. Calculate the remainder when y is divided by (-2)/(-1) + (-1 - -14).
9
Let r = 401 - 240. Let h = -115 + r. Calculate the remainder when 226 is divided by h.
42
Let p = 55 + -44. Suppose -p*j = 61 - 1293. Let z = -82 + j. What is the remainder when z is divided by 4?
2
Let i(c) = 6*c + 188. Let h be i(-31). Suppose 4*q + h*d = -0*q + 178, 2*d + 52 = q. What is the remainder when 128 is divided by q?
36
Let s(y) = -2*y**3 - y**2 - y - 1. Let p(o) = -11*o**3 - 15*o**2 + o + 23. Let u(t) = -p(t) + 6*s(t). Calculate the remainder when 89 is divided by u(7).
9
Suppose -462 - 830 = -68*d. Calculate the remainder when 400 is divided by d.
1
Let h = -784 + 785. What is the remainder when 82 is divided by (5 + h/(-1))*(-121)/(-22)?
16
Let b(i) = 2*i**2 - 189*i + 19. What is the remainder when b(95) is divided by 66?
48
Suppose -52*r - 28 = -2*d - 53*r, -2*d = 5*r - 44. What is the remainder when 2855 is divided by d?
11
Suppose 5*u - 8*u + 4*t + 4 = 0, -2*u = 5*t + 5. Suppose u = 6*n + 6*n - 516. What is the remainder when 65 is divided by n?
22
Let a(c) = 3*c - 7. Let l = 612